of 40?
True
Does 329 divide 20069?
True
Does 18 divide 817909?
False
Does 9 divide 35568?
True
Is 262760 even?
True
Is 45540 a multiple of 4?
True
Is 2776562 a multiple of 502?
True
Is 83 a factor of 2298187?
True
Is 104340 a multiple of 111?
True
Does 302 divide 8618778?
True
Is 7492321 a multiple of 90?
False
Is 101 a factor of 266842?
True
Does 804 divide 1097460?
True
Is 124 a factor of 80104?
True
Does 197 divide 1831706?
True
Is 297120 a multiple of 15?
True
Does 9 divide 577836?
True
Is 1353930 a multiple of 10?
True
Does 641 divide 568989?
False
Is 477 a factor of 2097093?
False
Is 327502 a multiple of 149?
True
Does 31 divide 82575?
False
Does 53 divide 220957?
True
Does 59 divide 2116465?
False
Is 12 a factor of 1095820?
False
Does 281 divide 204568?
True
Is 844425 a multiple of 27?
True
Is 4 a factor of 120096?
True
Is 92000 a multiple of 250?
True
Is 22 a factor of 8304514?
False
Is 197 a factor of 45901?
True
Is 78 a factor of 76548?
False
Does 33 divide 66763?
False
Is 268165 a multiple of 422?
False
Does 16 divide 5548672?
True
Does 37 divide 1474467?
False
Is 16 a factor of 289680?
True
Does 866 divide 7745?
False
Does 139 divide 279529?
True
Is 8487388 a multiple of 555?
False
Is 88715 a multiple of 18?
False
Does 19 divide 161937?
True
Is 928610 a multiple of 350?
False
Is 82280 a multiple of 11?
True
Is 4 a factor of 70632?
True
Is 285535 a multiple of 2?
False
Does 220 divide 141162?
False
Is 3 a factor of 169077?
True
Is 88 a factor of 95337?
False
Does 74 divide 9162509?
False
Is 3453710 a multiple of 130?
True
Is 61698 a multiple of 78?
True
Is 154 a factor of 250558?
True
Is 1128244 a multiple of 13?
True
Is 2195826 a multiple of 509?
True
Is 650916 a multiple of 41?
True
Is 589 a factor of 2720002?
True
Is 1859585 a multiple of 178?
False
Is 778 a factor of 2208742?
True
Is 1579105 a multiple of 5?
True
Is 970197 a multiple of 19?
True
Is 1000176 a multiple of 56?
False
Does 1908 divide 699604?
False
Is 3536781 a multiple of 422?
False
Is 163846 a multiple of 61?
True
Is 12 a factor of 64734?
False
Is 6018619 a multiple of 1161?
False
Is 28 a factor of 37268?
True
Is 24143776 a multiple of 29?
True
Does 51 divide 393013?
False
Is 3693961 a multiple of 2033?
True
Is 87 a factor of 71079?
True
Is 434 a factor of 5643736?
True
Is 31 a factor of 422639?
False
Does 705 divide 11388026?
False
Is 175 a factor of 1871450?
True
Is 143455 a multiple of 65?
True
Is 4445 a multiple of 7?
True
Does 532 divide 818748?
True
Is 13 a factor of 2617358?
False
Is 3 a factor of 676983?
True
Is 75 a factor of 578550?
True
Is 24 a factor of 908232?
True
Is 1808856 a multiple of 4?
True
Is 11724888 a multiple of 12?
True
Does 140 divide 60053?
False
Is 350 a factor of 1150485?
False
Does 57 divide 223769?
False
Is 25748 a multiple of 37?
False
Is 109 a factor of 1181840?
False
Is 856760 a multiple of 101?
False
Is 146368 a multiple of 64?
True
Is 10 a factor of 45060?
True
Is 29 a factor of 1247768?
False
Is 35020 a multiple of 206?
True
Does 18 divide 10938132?
True
Is 26 a factor of 113464?
True
Is 69 a factor of 23164680?
True
Does 78 divide 1435278?
True
Does 7 divide 1562827?
True
Is 287385 a multiple of 805?
True
Does 6 divide 302904?
True
Is 362 a factor of 20664?
False
Does 30 divide 570120?
True
Is 272141 a multiple of 5?
False
Is 323106 a multiple of 343?
True
Is 41 a factor of 1405733?
False
Is 12 a factor of 932779?
False
Is 111 a factor of 1333475?
False
Does 455 divide 1086995?
True
Is 485 a factor of 24250?
True
Is 22472 a multiple of 53?
True
Does 526 divide 1307464?
False
Does 6 divide 1717450?
False
Is 51 a factor of 40749?
True
Does 47 divide 3010068?
True
Does 4 divide 584412?
True
Does 97 divide 3166080?
True
Is 20772 a multiple of 12?
True
Is 1981 a factor of 7485211?
False
Does 170 divide 1824100?
True
Is 90 a factor of 366930?
True
Is 395 a factor of 139040?
True
Is 50 a factor of 301800?
True
Is 234816 a multiple of 24?
True
Is 128017 a multiple of 161?
False
Is 82317 a multiple of 110?
False
Is 301680 a multiple of 20?
True
Is 149717 a multiple of 83?
False
Is 578550 a multiple of 42?
True
Does 61 divide 784216?
True
Does 51 divide 772734?
False
Does 298 divide 1016099?
False
Does 4 divide 14314?
False
Is 2175313 a multiple of 13?
False
Is 340080 a multiple of 52?
True
Is 5637968 a multiple of 71?
True
Does 14 divide 1089886?
True
Is 2127996 a multiple of 12?
True
Is 2774 a multiple of 19?
True
Is 63973 a multiple of 18?
False
Is 104550 a multiple of 102?
True
Does 8 divide 38723?
False
Does 78 divide 164303?
False
Does 972 divide 2090012?
False
Is 45 a factor of 69402?
False
Is 27849 a multiple of 2?
False
Is 470573 a multiple of 42?
False
Is 11 a factor of 212824?
False
Does 19 divide 32116327?
True
Does 21 divide 264369?
True
Is 377568 a multiple of 138?
True
Is 308064 a multiple of 12?
True
Does 17 divide 821436?
False
Is 253 a factor of 688282?
False
Does 123 divide 150603?
False
Is 13 a factor of 614406?
True
Is 80 a factor of 37440?
True
Does 1237 divide 1029184?
True
Is 48640 a multiple of 38?
True
Is 975 a multiple of 195?
True
Is 122 a factor of 1339221?
False
Does 16 divide 518288?
True
Is 79 a factor of 204004?
False
Does 14 divide 283104?
False
Does 32 divide 4768871?
False
Does 172 divide 535404?
False
Does 172 divide 266944?
True
Is 5590905 a multiple of 199?
True
Is 80598 a multiple of 114?
True
Is 16 a factor of 10331760?
True
Is 34 a factor of 6171204?
True
Does 566 divide 468082?
True
Does 19 divide 6500498?
False
Is 689141 a multiple of 3?
False
Is 101475 a multiple of 15?
True
Is 15 a factor of 50865?
True
Is 106 a factor of 3266814?
True
Is 243 a factor of 866861?
False
Is 26424 a multiple of 16?
False
Is 34 a factor of 15334?
True
Is 5045608 a multiple of 78?
False
Does 156 divide 1372332?
True
Is 5273365 a multiple of 5?
True
Does 15 divide 14752485?
True
Does 5 divide 935?
True
Is 412 a factor of 1001683?
False
Does 461 divide 1866176?
False
Is 219198 a multiple of 6?
True
Is 4708929 a multiple of 1270?
False
Is 69 a factor of 1007538?
True
Is 52 a factor of 4519060?
True
Does 8 divide 1265986?
False
Does 16 divide 3269543?
False
Is 105981 a multiple of 5?
False
Does 79 divide 627535?
False
Is 16 a factor of 3057839?
False
Is 6 a factor of 80532?
True
Is 399 a multiple of 2?
False
Does 4 divide 491220?
True
Does 14 divide 1432470?
False
Is 12 a factor of 539550?
False
Is 1467168 a multiple of 744?
True
Does 21 divide 1027089?
True
Is 7 a factor of 49307?
False
Is 123 a factor of 13021395?
True
Does 407 divide 3851848?
True
Is 101 a factor of 144387?
False
Is 227988 a multiple of 27?
True
Does 293 divide 70586?
False
Is 8 a factor of 10684720?
True
Does 91 divide 2116959?
False
Is 1018117 a multiple of 43?
False
Does 9 divide 621692?
False
Does 108 divide 505207?
False
Is 197 a factor of 11820?
True
Is 5164600 a multiple of 49?
True
Is 57 a factor of 428885?
False
Does 168 divide 8247960?
True
Is 254710 a multiple of 31?
False
Is 355764 a multiple of 69?
True
Is 98191 a multiple of 37?
False
Is 432304 a multiple of 164?
True
Is 30 a factor of 310830?
True
Is 28 a factor of 334823?
False
Does 89 divide 38448?
True
Is 189 a factor of 2293466?
False
Does 25 divide 4089725?
True
Is 1308 a multiple of 3?
True
Is 58620 a multiple of 5?
True
Is 22330 a multiple of 5?
True
Does 29 divide 109596?
False
Is 5 a factor of 1885693?
False
Is 32 a factor of 3522080?
True
Is 3 a factor of 3276177?
True
Does 1163 divide 3766957?
True
Is 231 a factor of 1558631?
False
Is 85994 a multiple of 19?
True
Is 96236 a multiple of 67?
False
Does 687 divide 7773801?
False
Is 155120 a multiple of 56?
True
Does 76 divide 356171?
False
Does 12 divide 267060?
True
Does 19 divide 654251?
False
Does 125 divide 3827139?
False
Is 850 a factor of 2408255?
False
Is 281 a factor of 1803501?
False
Is 4109216 a multiple of 19?
False
Is 515616 a multiple of 96?
True
Does 181 divide 4273591?
True
Is 1263 a factor of 6836619?
True
Is 45 a factor of 114975?
True
Is 1340021 a multiple of 48?
False
Is 101 a factor of 1188473?
False
Is 460 a factor of 3907481?
False
Is 76 a factor of 7728364?
True
Does 11 divide 112530?
True
Does 17 divide 131342?
True
Does 13 divide 796679?
True
Is 27 a factor of 52889?
False
Is 17604583 a multiple o